 4588823.
19, 241517
What are the prime factors of 5275715?
5, 1055143
List the prime factors of 61388.
2, 103, 149
What are the prime factors of 507997?
7, 31, 2341
What are the prime factors of 163972?
2, 40993
List the prime factors of 3273475.
5, 23, 5693
What are the prime factors of 34768?
2, 41, 53
List the prime factors of 54111.
3, 17, 1061
List the prime factors of 15734155.
5, 3146831
List the prime factors of 2079164.
2, 71, 7321
List the prime factors of 919226.
2, 7, 11, 47, 127
What are the prime factors of 10576?
2, 661
What are the prime factors of 3980371?
181, 21991
List the prime factors of 794976.
2, 3, 7, 13
List the prime factors of 1831262.
2, 915631
What are the prime factors of 138242?
2, 13, 409
What are the prime factors of 2077701?
3, 692567
What are the prime factors of 916195?
5, 7, 26177
What are the prime factors of 348496?
2, 23, 947
List the prime factors of 35606.
2, 19, 937
List the prime factors of 252366.
2, 3, 42061
List the prime factors of 3659464.
2, 457433
List the prime factors of 668500.
2, 5, 7, 191
What are the prime factors of 22503?
3, 13, 577
What are the prime factors of 23222581?
23222581
What are the prime factors of 121016?
2, 7, 2161
List the prime factors of 37044.
2, 3, 7
List the prime factors of 110378.
2, 229, 241
What are the prime factors of 1156261?
1156261
What are the prime factors of 8112733?
647, 12539
List the prime factors of 612479.
7, 59, 1483
List the prime factors of 1007539.
13, 17, 47, 97
List the prime factors of 16251531.
3, 2203, 2459
List the prime factors of 34072807.
34072807
What are the prime factors of 4973506?
2, 2486753
List the prime factors of 2776247.
139, 19973
What are the prime factors of 426183?
3, 142061
List the prime factors of 14553700.
2, 5, 7, 17, 1223
List the prime factors of 8632793.
13, 664061
What are the prime factors of 745635?
3, 5, 11, 4519
What are the prime factors of 727872?
2, 3, 17, 223
List the prime factors of 1235939.
31, 39869
What are the prime factors of 333517?
333517
What are the prime factors of 34239727?
61, 561307
What are the prime factors of 208490?
2, 5, 20849
What are the prime factors of 1653439?
1653439
What are the prime factors of 861336?
2, 3, 7, 1709
List the prime factors of 1274066.
2, 283, 2251
What are the prime factors of 1990?
2, 5, 199
List the prime factors of 618353.
107, 5779
List the prime factors of 984929.
11, 17, 23, 229
List the prime factors of 371123.
131, 2833
List the prime factors of 46960.
2, 5, 587
What are the prime factors of 5840695?
5, 7, 19, 8783
What are the prime factors of 2041738?
2, 163, 6263
What are the prime factors of 1872776?
2, 131, 1787
What are the prime factors of 2590955?
5, 518191
List the prime factors of 176791.
176791
List the prime factors of 4416938.
2, 73, 30253
List the prime factors of 371749.
7, 23, 2309
What are the prime factors of 206879?
206879
What are the prime factors of 6208086?
2, 3, 67, 15443
List the prime factors of 134068.
2, 11, 277
List the prime factors of 206123.
206123
List the prime factors of 196736.
2, 29, 53
List the prime factors of 3721328.
2, 13, 17891
What are the prime factors of 19566151?
11, 409, 4349
List the prime factors of 2977669.
17, 71, 2467
What are the prime factors of 1617033?
3, 11, 19, 2579
What are the prime factors of 735908?
2, 19, 23, 421
What are the prime factors of 7348048?
2, 353, 1301
List the prime factors of 23217751.
233, 251, 397
What are the prime factors of 11274327?
3, 79, 101, 157
List the prime factors of 1756553.
31, 56663
What are the prime factors of 252826?
2, 7, 18059
What are the prime factors of 1862096?
2, 116381
What are the prime factors of 276150?
2, 3, 5, 7, 263
List the prime factors of 1933422.
2, 3, 322237
What are the prime factors of 6341003?
19, 333737
List the prime factors of 2959267.
2959267
List the prime factors of 4696680.
2, 3, 5, 39139
List the prime factors of 21518566.
2, 17, 491, 1289
What are the prime factors of 4627887?
3, 11, 19, 61
List the prime factors of 136776.
2, 3, 41, 139
List the prime factors of 5355924.
2, 3, 7, 63761
What are the prime factors of 9501533?
9501533
List the prime factors of 35662.
2, 11, 1621
What are the prime factors of 79185?
3, 5, 5279
List the prime factors of 2581865.
5, 11, 13, 23, 157
List the prime factors of 717919.
717919
List the prime factors of 21648939.
3, 13, 17, 32653
List the prime factors of 188194.
2, 73, 1289
List the prime factors of 131339.
13, 10103
What are the prime factors of 3303540?
2, 3, 5, 18353
What are the prime factors of 20863572?
2, 3, 491, 3541
What are the prime factors of 5715301?
67, 85303
List the prime factors of 1160775.
3, 5, 7, 11, 67
What are the prime factors of 4185815?
5, 79, 10597
List the prime factors of 1658426.
2, 7, 11, 89
List the prime factors of 2072207.
2072207
List the prime factors of 722331.
3, 31, 863
What are the prime factors of 718284?
2, 3, 7, 17, 503
List the prime factors of 2539304.
2, 131, 2423
List the prime factors of 868340.
2, 5, 11, 3947
What are the prime factors of 1416171?
3, 472057
List the prime factors of 1838612.
2, 109, 4217
List the prime factors of 3035625.
3, 5, 1619
List the prime factors of 246593.
83, 2971
What are the prime factors of 6082938?
2, 3, 37549
What are the prime factors of 118920?
2, 3, 5, 991
What are the prime factors of 3686042?
2, 17, 108413
List the prime factors of 9903749.
9903749
List the prime factors of 13287126.
2, 3, 2214521
What are the prime factors of 980140?
2, 5, 7, 7001
List the prime factors of 1140198.
2, 3, 307, 619
List the prime factors of 3011831.
53, 56827
What are the prime factors of 414817?
13, 17, 1877
List the prime factors of 499678.
2, 229, 1091
List the prime factors of 210260.
2, 5, 10513
What are the prime factors of 548234?
2, 274117
What are the prime factors of 193516?
2, 101, 479
List the prime factors of 178377.
3, 37, 1607
List the prime factors of 16266757.
13, 101, 953
What are the prime factors of 1022067?
3, 19, 43, 139
What are the prime factors of 1182211?
1182211
List the prime factors of 408068.
2, 17, 353
List the prime factors of 2533264.
2, 158329
What are the prime factors of 3723923?
7, 531989
What are the prime factors of 451396?
2, 11, 10259
List the prime factors of 71973.
3, 11, 727
What are the prime factors of 4581850?
2, 5, 7, 13, 19, 53
What are the prime factors of 20268101?
7, 53, 54631
What are the prime factors of 484502?
2, 157, 1543
List the prime factors of 8256981.
3, 167, 16481
List the prime factors of 56786.
2, 28393
List the prime factors of 109890.
2, 3, 5, 11, 37
What are the prime factors of 138626?
2, 69313
List the prime factors of 9927954.
2, 3, 113, 1627
What are the prime factors of 575764?
2, 7, 20563
List the prime factors of 11992571.
43, 151, 1847
List the prime factors of 6866289.
3, 103, 823
What are the prime factors of 3449131?
7, 373, 1321
List the prime factors of 150775.
5, 37, 163
What are the prime factors of 286760?
2, 5, 67, 107
What are the prime factors of 34607031?
3, 11535677
What are the prime factors of 8700484?
2, 13, 167317
List the prime factors of 9694782.
2, 3, 179533
List the prime factors of 1922871.
3, 640957
List the prime factors of 41814.
2, 3, 23, 101
What are the prime factors of 303746?
2, 29, 5237
List the prime factors of 2016779.
409, 4931
What are the prime factors of 538962?
2, 3, 43, 2089
What are the prime factors of 20395358?
2, 10197679
What are the prime factors of 9536247?
3, 7, 229, 661
List the prime factors of 99859.
99859
List the prime factors of 6513074.
2, 17, 191561
List the prime factors of 2903610.
2, 3, 5, 96787
What are the prime factors of 1285420?
2, 5, 64271
List the prime factors of 2593206.
2, 3, 7, 11, 1871
List the prime factors of 254437.
254437
List the prime factors of 3113269.
3113269
List the prime factors of 22302.
2, 3, 7, 59
List the prime factors of 73011.
3, 24337
List the prime factors of 25104046.
2, 11, 1141093
What are the prime factors of 1038223?
59, 17597
List the prime factors of 15053463.
3, 1672607
List the prime factors of 21401400.
2, 3, 5, 53, 673
What are the prime factors of 3582169?
139, 25771
What are the prime factors of 924107?
73, 12659
What are the prime factors 